 -5*y = 2*p + 19, -2*y + 3*y = -1. What are the prime factors of p/(-2) + (-6)/(-12)?
2
Let l = -42 + 84. List the prime factors of l.
2, 3, 7
List the prime factors of ((-630)/(-4))/(4/8).
3, 5, 7
Suppose -6*n + 6 = -18. Let f(s) = 7*s + 2. Let y be f(2). Let d = y - n. What are the prime factors of d?
2, 3
Let j = 32 - 12. Suppose 0*i - j = 4*i. Let g = 10 + i. What are the prime factors of g?
5
Let b be -3 + 1 + -1 - 3. What are the prime factors of 3*7*b/(-9)?
2, 7
Let d(h) = h**2 + 9*h + 19. What are the prime factors of d(-11)?
41
Suppose -5*j + 9 + 1 = 0. Suppose -38 = -j*u + 30. List the prime factors of u.
2, 17
Let k be 9010/119 + (-2)/(-7). Suppose 5*b - k - 59 = 0. List the prime factors of b.
3
Let b(q) = -q**2 + 9*q + 16. Let m be b(7). Suppose 4*p - 40 = -2*x, -x = -4*p + 2*x + m. List the prime factors of p.
3
Suppose -58 - 174 = -5*v - 2*g, 2*v - 4*g - 112 = 0. What are the prime factors of v?
2, 3
What are the prime factors of -177*(2/(-3))/2?
59
Let y(c) = -3*c**2 - 7*c - 4. Let h(x) = x**2 + x - 1. Let n(k) = 4*h(k) + y(k). Let l be n(6). Suppose 9*d - 4*d = l. List the prime factors of d.
2
List the prime factors of (-156)/(-9) + 8/12.
2, 3
Let l = -11 + 11. Suppose -98 = -3*i - k, -i - 2*i + 4*k + 88 = l. What are the prime factors of i?
2
Let a be (-3)/9 + (-10)/6. List the prime factors of a + 3 + -1 - -26.
2, 13
What are the prime factors of (-22)/77 + (-424)/(-14)?
2, 3, 5
Let v = 1 - 1. Let u(o) = o**3 + o**2 + o + 48. Let k be u(v). Suppose k = 4*s - 0. What are the prime factors of s?
2, 3
Let d = 20 + -18. Suppose 0 = d*q, -t - 14 = -4*q - 51. What are the prime factors of t?
37
Let q(s) = -s**2 - 23*s + 17. What are the prime factors of q(-13)?
3, 7
Suppose 0*n - 2*n + 44 = 0. Let u = n + -32. Let d = 4 - u. What are the prime factors of d?
2, 7
List the prime factors of (-20)/6*(-48)/5.
2
Let f(j) = 2*j + 28. What are the prime factors of f(0)?
2, 7
Let g(t) = 2*t + 1. Let o(i) = i**2 + 3*i + 1. Let r be o(-3). Suppose 5*b = r + 19. What are the prime factors of g(b)?
3
List the prime factors of (-5)/(15/(-2))*237.
2, 79
What are the prime factors of (-3)/(-4) + (-45167)/(-124)?
5, 73
Suppose -4*r - 2*u = -706, -r = 5*u + 8 - 198. List the prime factors of r.
5, 7
Suppose -2 = m - 1, -1 = -3*b + 4*m. Let p(o) = 9*o**2 + 2*o + 1. List the prime factors of p(b).
2
Let o = 16 - -50. Suppose -2*w - w = -o. What are the prime factors of w?
2, 11
Let n = 13 - 9. Suppose -4*s = 3*m - 143, -s + 2*s + 197 = n*m. What are the prime factors of m?
7
List the prime factors of 134/2 + 0/12.
67
Suppose 3*m + 2*j - 8 = 2*m, 4*j = 0. List the prime factors of m.
2
Let l = 177 - 115. What are the prime factors of l?
2, 31
Let r(a) = -a**3 - 7*a**2 - 10*a + 7. Let k be r(-5). List the prime factors of 6/(-21) + 184/k.
2, 13
Let a(i) = i**2 - 5*i - 8. Let q be a(6). Let u = q - -4. What are the prime factors of u?
2
Let m(y) = y**2 - 12*y + 6. What are the prime factors of m(15)?
3, 17
Let u(q) = -35*q + 2. What are the prime factors of u(-2)?
2, 3
Suppose 5*g = -3*t - 31, -3*t = 4*g + 12 + 11. What are the prime factors of -6*g/(16/4)?
2, 3
Let r(x) = 67*x + 3. What are the prime factors of r(1)?
2, 5, 7
Let w = -115 + 211. What are the prime factors of w?
2, 3
Let t(w) = 12*w**3 - w + 1. Let d be t(1). What are the prime factors of (3 + (-28)/d)*51?
2, 17
Let w = 7 + -3. What are the prime factors of (6/3)/w*10?
5
Suppose a + 0*b - b = 6, -b = 2*a - 12. Let o be (8/a)/((-1)/9). What are the prime factors of (-3)/o - (-22)/8?
3
Let c(y) = 3*y - 6 + y + 5*y - y**2. Suppose -1 = p - 8. List the prime factors of c(p).
2
Let r(j) be the third derivative of -4*j**4 - 2*j**2. Let f be r(-2). What are the prime factors of 4/10 + f/20?
2, 5
Let v(g) = g**3 - 3*g + 3. Let x be v(2). Let z = x + -1. Suppose 0 = -z*n - n + 60. List the prime factors of n.
2, 3
Let h be 12 + (1 - (1 - 4)). What are the prime factors of ((-24)/h)/((-1)/30)?
3, 5
Let s(v) = -5*v + 4*v**2 + v + 3 + 3*v - 3*v**2. What are the prime factors of s(-5)?
3, 11
Let b be 0 - 3*(1 - 0). Let q(c) = c**2 - c + 1. List the prime factors of q(b).
13
Let s(r) = 0*r - 4 - 3*r + 4*r. Let n be (9/(-2))/(9/(-12)). What are the prime factors of s(n)?
2
Let g(l) = 0*l + 2*l + 5 - 3. Let w be g(2). What are the prime factors of (w/(-9))/((-4)/66)?
11
Let s = 11 + -6. Suppose x - s = 31. What are the prime factors of x?
2, 3
Suppose 4*x - 2*v - 130 = 0, -4*v - 2 - 2 = 0. Suppose 5*s = 4*w - 10, x = 5*s + 5*w - 3. What are the prime factors of s?
2
Suppose 3*l - 346 + 13 = 0. What are the prime factors of l?
3, 37
Let x(a) = a**3 + 8*a**2. Let n be x(-8). Let q be n*2/(-6) - -2. Suppose -q*z = 2*z - 32. What are the prime factors of z?
2
Let f be -6*(-5)/(45/6). Let p(v) = v**2 - 3*v - 1. List the prime factors of p(f).
3
Let t(i) = 11*i**3 - i - 1. Let l be t(-1). Let b be 0 + -3 + (-2 - l). Let h = -3 + b. List the prime factors of h.
3
Let z(r) = -r**3 + 6 + 5 - 1 - r**2. Let b be z(0). Suppose -b + 0 = -5*x. What are the prime factors of x?
2
Suppose 0*x + 4 = x. Suppose -5*f + 4*w + 32 = 0, 2*w = -x*f + 11 - 1. What are the prime factors of f?
2
Let p(s) be the first derivative of -s**4/4 - 2*s**3 - 5*s**2/2 + 3*s - 1. What are the prime factors of p(-5)?
3
Let v(z) be the third derivative of z**4/24 + 4*z**3/3 - 2*z**2. Let w be v(-6). Suppose 3*f = -3*c + 27, 4*f - 14 - 12 = -w*c. What are the prime factors of f?
2
What are the prime factors of 403/4 + (-1)/(-4)?
101
Suppose -5*w + 25 = 5*c, -2*w - 4*c - 2 = c. What are the prime factors of w?
3
Let s = 44 + -4. Suppose z - 4 = -3*j, j = 5*z + 6*j - s. Suppose x - 4 = z. What are the prime factors of x?
2, 7
Let g(h) = h**2 - 3*h + 2 + 3 - 1. Let t be g(3). Suppose -v + t = v. List the prime factors of v.
2
Suppose 0 = -2*o - o + 21. Let j(w) = w - 1. Let h(y) = 15*y - 9. Let k(u) = -h(u) + 18*j(u). List the prime factors of k(o).
2, 3
Let z be 6/(4 + -2) - -55. Suppose -3 - z = -2*i + 5*n, -4*i + 114 = -2*n. List the prime factors of i.
2, 7
Let o(f) = -5*f - 8. Let n be o(3). Let y = -20 - n. List the prime factors of y.
3
Let a be (-4)/(-6) + 104/6. What are the prime factors of (-22)/(-99) - (-68)/a?
2
Let s(r) = -4*r. Let n be s(-5). Let l be (n/(-2))/(-2) + 1. Let k = 8 + l. List the prime factors of k.
2, 7
Let l be 4/(-2) + 3 - -18. Suppose -l = -s - 4*j, s = -s + 4*j + 26. What are the prime factors of s?
3, 5
Suppose 13 = 3*d + 4. Let j = 6 + d. What are the prime factors of j?
3
Let x(l) = 3*l**2 - 6*l + 6. Let h be x(5). Suppose -a + 37 = 3*z, -2*a + h = 4*z + a. What are the prime factors of z?
2, 3
Let d(i) = -i**3 + 4*i**2 + 2. Let u be d(4). Suppose 2*p - 36 = -u*p. List the prime factors of p.
3
Let w be (-16)/10*15/(-6). Suppose -4*p + 4*u + 12 = -2*p, w*p - u = 52. What are the prime factors of p?
2, 7
Suppose o + 2*o - 129 = 0. What are the prime factors of o?
43
Let z(g) = g. Let p be z(0). Let s be p/(-4) + (-2)/(-2). What are the prime factors of 2*((-63)/(-6) - s)?
19
Let f = 10 + -6. Suppose f*c - 8*c = -108. List the prime factors of c.
3
Suppose 13*v - 14*v = -177. List the prime factors of v.
3, 59
Suppose -r + 4*r - 30 = 0. Let u = r + -28. List the prime factors of (-2)/9 + (-436)/u.
2, 3
Let p = -74 - -21. Let x = p - -97. List the prime factors of x.
2, 11
List the prime factors of (16/(-20))/((-1)/60).
2, 3
Let o = -9 + 11. Suppose 10*u - 33 = -t + 5*u, 0 = o*t + u - 39. What are the prime factors of t?
2, 3
Let z(q) = -3*q - 2. Let a be z(-6). Suppose -5*s - a - 3 = 2*p, 5*p + 3*s = 0. Suppose -p*c - 14 + 35 = 0. List the prime factors of c.
7
Suppose 5*y + 3*u - 22 = 0, 0*y + 5*u = 5*y - 30. Suppose y*l - l = 64. List the prime factors of l.
2
Let r be 0/(-1) - (-1 + -6). Suppose -r*x + 5*x = -66. What are the prime factors of x?
3, 11
Suppose -6 = -5*z + 4*z. Let q = z + -2. What are the prime factors of q?
2
Let r(w) be the second derivative of -w**5/20 - 2*w**4/3 - 5*w**3/3 - 11*w**2/2 + 5*w. What are the prime factors of r(-7)?
2, 5
Let k(l) be the second derivative of -5*l**5/4 - l**4/12 + l**3/6 + l**2/2 + 2*l. What are the prime factors of k(-1)?
2, 3
Let t(q) = -5*q - 21. What are the prime factors of t(-14)?
7
Let m = 10 - 14. Let j = 3 + m. Let r(l) = -13*l**3 + 2*l**2 + 2*l + 1